{"id":504,"date":"2015-08-27T11:33:31","date_gmt":"2015-08-27T11:33:31","guid":{"rendered":"http:\/\/demo.proteusthemes.com\/repairpress\/?page_id=15"},"modified":"2018-12-04T22:51:52","modified_gmt":"2018-12-04T21:51:52","slug":"home","status":"publish","type":"page","link":"http:\/\/dps2i.com\/mobile\/","title":{"rendered":"Accueil"},"content":{"rendered":"<div id=\"pl-504\"  class=\"panel-layout\" ><div id=\"pg-504-0\"  class=\"panel-grid panel-has-style\" ><div class=\"icon-box-small siteorigin-panels-stretch panel-row-style panel-row-style-for-504-0\" data-stretch-type=\"full\" ><div id=\"pgc-504-0-0\"  class=\"panel-grid-cell\" ><div id=\"panel-504-0-0-0\" class=\"so-panel widget widget_pw_icon_box widget-icon-box panel-first-child panel-last-child\" data-index=\"0\" >\n\t\t\t<div class=\"icon-box\">\n\t\n\t\t<i class=\"fa  fa-money  fa-3x\"><\/i>\n\t\t<div class=\"icon-box__text\">\n\t\t\t<h4 class=\"icon-box__title\">DEVIS GRATUIT<\/h4>\n\t\t\t<span class=\"icon-box__subtitle\">R\u00e9paration sur demande<\/span>\n\t\t<\/div>\n\n\t\t\t<\/div>\n\t\n<\/div><\/div><div id=\"pgc-504-0-1\"  class=\"panel-grid-cell\" ><div id=\"panel-504-0-1-0\" class=\"so-panel widget widget_pw_icon_box widget-icon-box panel-first-child panel-last-child\" data-index=\"1\" >\n\t\t\t<div class=\"icon-box\">\n\t\n\t\t<i class=\"fa  fa-cogs  fa-3x\"><\/i>\n\t\t<div class=\"icon-box__text\">\n\t\t\t<h4 class=\"icon-box__title\">REPARATION GARANTIE<\/h4>\n\t\t\t<span class=\"icon-box__subtitle\">SAV en magasin<\/span>\n\t\t<\/div>\n\n\t\t\t<\/div>\n\t\n<\/div><\/div><div id=\"pgc-504-0-2\"  class=\"panel-grid-cell\" ><div id=\"panel-504-0-2-0\" class=\"so-panel widget widget_pw_icon_box widget-icon-box panel-first-child panel-last-child\" data-index=\"2\" >\n\t\t\t<div class=\"icon-box\">\n\t\n\t\t<i class=\"fa  fa-users  fa-3x\"><\/i>\n\t\t<div class=\"icon-box__text\">\n\t\t\t<h4 class=\"icon-box__title\">EQUIPE EXPERTE<\/h4>\n\t\t\t<span class=\"icon-box__subtitle\">A votre disposition<\/span>\n\t\t<\/div>\n\n\t\t\t<\/div>\n\t\n<\/div><\/div><div id=\"pgc-504-0-3\"  class=\"panel-grid-cell\" ><div id=\"panel-504-0-3-0\" class=\"so-panel widget widget_pw_icon_box widget-icon-box panel-first-child panel-last-child\" data-index=\"3\" >\n\t\t\t<div class=\"icon-box\">\n\t\n\t\t<i class=\"fa  fa-info-circle  fa-3x\"><\/i>\n\t\t<div class=\"icon-box__text\">\n\t\t\t<h4 class=\"icon-box__title\">ASSISTANCE TECHNIQUE<\/h4>\n\t\t\t<span class=\"icon-box__subtitle\">Conseils et assistance<\/span>\n\t\t<\/div>\n\n\t\t\t<\/div>\n\t\n<\/div><\/div><\/div><\/div><div id=\"pg-504-1\"  class=\"panel-grid panel-no-style\" ><div id=\"pgc-504-1-0\"  class=\"panel-grid-cell\" ><div id=\"panel-504-1-0-0\" class=\"so-panel widget widget_pw_featured_page widget-featured-page panel-first-child panel-last-child\" data-index=\"4\" >\n\t<div class=\"page-box  page-box--block\">\n\t\t\t\t\t\t\t\t\t<a class=\"page-box__picture\" href=\"http:\/\/dps2i.com\/mobile\/prestations\/reparation-smartphone\/\">\n\t\t\t\t\t<img loading=\"lazy\" decoding=\"async\" src=\"http:\/\/dps2i.com\/mobile\/wp-content\/uploads\/2015\/09\/blog-23-360x240.jpg\" width=\"360\" height=\"240\" srcset=\"http:\/\/dps2i.com\/mobile\/wp-content\/uploads\/2015\/09\/blog-23-360x240.jpg 360w, http:\/\/dps2i.com\/mobile\/wp-content\/uploads\/2015\/09\/blog-23.jpg 848w\" sizes=\"auto, (min-width: 992px) 360px, calc(100vw - 30px)\" class=\"wp-post-image\" alt=\"R\u00e9paration de smartphone\">\n\t\t\t\t<\/a>\n\t\t\t\t\t\t\t<div class=\"page-box__content\">\n\t\t\t<h5 class=\"page-box__title text-uppercase\"><a href=\"http:\/\/dps2i.com\/mobile\/prestations\/reparation-smartphone\/\">R\u00e9paration de smartphone<\/a><\/h5>\n\t\t\t<p>Les t\u00e9l\u00e9phones portables sont devenus indispensables dans nos vies. Nous pouvons maintenant surfer sur le Web, nous connecter sur les r\u00e9seaux sociaux ou simplement passer le temps ...<\/p>\n\t\t\t\t\t\t\t<p><a href=\"http:\/\/dps2i.com\/mobile\/prestations\/reparation-smartphone\/\" class=\"read-more  read-more--page-box\">Lire la suite<\/a><\/p>\n\t\t\t\t\t<\/div>\n\t<\/div>\n\n<\/div><\/div><div id=\"pgc-504-1-1\"  class=\"panel-grid-cell\" ><div id=\"panel-504-1-1-0\" class=\"so-panel widget widget_pw_featured_page widget-featured-page panel-first-child panel-last-child\" data-index=\"5\" >\n\t<div class=\"page-box  page-box--block\">\n\t\t\t\t\t\t\t\t\t<a class=\"page-box__picture\" href=\"http:\/\/dps2i.com\/mobile\/prestations\/deblocage-telephone\/\">\n\t\t\t\t\t<img loading=\"lazy\" decoding=\"async\" src=\"http:\/\/dps2i.com\/mobile\/wp-content\/uploads\/2015\/09\/blog-11-360x240.jpg\" width=\"360\" height=\"240\" srcset=\"http:\/\/dps2i.com\/mobile\/wp-content\/uploads\/2015\/09\/blog-11-360x240.jpg 360w, http:\/\/dps2i.com\/mobile\/wp-content\/uploads\/2015\/09\/blog-11.jpg 848w\" sizes=\"auto, (min-width: 992px) 360px, calc(100vw - 30px)\" class=\"wp-post-image\" alt=\"D\u00e9blocage de t\u00e9l\u00e9phone\">\n\t\t\t\t<\/a>\n\t\t\t\t\t\t\t<div class=\"page-box__content\">\n\t\t\t<h5 class=\"page-box__title text-uppercase\"><a href=\"http:\/\/dps2i.com\/mobile\/prestations\/deblocage-telephone\/\">D\u00e9blocage de t\u00e9l\u00e9phone<\/a><\/h5>\n\t\t\t<p>De nombreuses soci\u00e9t\u00e9s de r\u00e9seaux mobiles verrouillent les smartphones et tablettes sur leurs r\u00e9seaux afin que vous ne puissiez pas utiliser l'appareil sur un r\u00e9seau concurrent. Dans certains cas les t\u00e9l\u00e9phones sont li\u00e9s \u00e0 une carte &hellip;<\/p>\n\t\t\t\t\t\t\t<p><a href=\"http:\/\/dps2i.com\/mobile\/prestations\/deblocage-telephone\/\" class=\"read-more  read-more--page-box\">Lire la suite<\/a><\/p>\n\t\t\t\t\t<\/div>\n\t<\/div>\n\n<\/div><\/div><div id=\"pgc-504-1-2\"  class=\"panel-grid-cell\" ><div id=\"panel-504-1-2-0\" class=\"so-panel widget widget_pw_featured_page widget-featured-page panel-first-child panel-last-child\" data-index=\"6\" >\n\t<div class=\"page-box  page-box--block\">\n\t\t\t\t\t\t\t\t\t<a class=\"page-box__picture\" href=\"http:\/\/dps2i.com\/mobile\/prestations\/reparation-tablette\/\">\n\t\t\t\t\t<img loading=\"lazy\" decoding=\"async\" src=\"http:\/\/dps2i.com\/mobile\/wp-content\/uploads\/2015\/09\/blog-12-360x240.jpg\" width=\"360\" height=\"240\" srcset=\"http:\/\/dps2i.com\/mobile\/wp-content\/uploads\/2015\/09\/blog-12-360x240.jpg 360w, http:\/\/dps2i.com\/mobile\/wp-content\/uploads\/2015\/09\/blog-12.jpg 848w\" sizes=\"auto, (min-width: 992px) 360px, calc(100vw - 30px)\" class=\"wp-post-image\" alt=\"R\u00e9paration de Tablette\">\n\t\t\t\t<\/a>\n\t\t\t\t\t\t\t<div class=\"page-box__content\">\n\t\t\t<h5 class=\"page-box__title text-uppercase\"><a href=\"http:\/\/dps2i.com\/mobile\/prestations\/reparation-tablette\/\">R\u00e9paration de Tablette<\/a><\/h5>\n\t\t\t<p>Les tablettes offrent plus de commodit\u00e9 \u00e0 leurs utilisateurs que ce que permettent les smartphones. Vous pouvez regarder des films en haute d\u00e9finition, lire des livres, cr\u00e9er des pr\u00e9sentations pour votre travail, discuter en ligne avec &hellip;<\/p>\n\t\t\t\t\t\t\t<p><a href=\"http:\/\/dps2i.com\/mobile\/prestations\/reparation-tablette\/\" class=\"read-more  read-more--page-box\">Lire la suite<\/a><\/p>\n\t\t\t\t\t<\/div>\n\t<\/div>\n\n<\/div><\/div><div id=\"pgc-504-1-3\"  class=\"panel-grid-cell\" ><div id=\"panel-504-1-3-0\" class=\"so-panel widget widget_pw_icon_menu widget-icon-menu panel-first-child panel-last-child\" data-index=\"7\" >\n\t\t\t<div class=\"icon-menu\">\n\n\t\t\t\t\t\t\t<a class=\"icon-menu__link\" href=\"http:\/\/dps2i.com\/mobile\/prestations\/\" target=\"_self\">\n\t\t\t\t\t<i class=\"fa  fa-mobile\"><\/i> REPARATION DE TABLETTE\t\t\t\t<\/a>\n\t\t\t\t\t\t\t<a class=\"icon-menu__link\" href=\"http:\/\/dps2i.com\/mobile\/prestations\/\" target=\"_self\">\n\t\t\t\t\t<i class=\"fa  fa-gamepad\"><\/i> REPARATION DE CONSOLE\t\t\t\t<\/a>\n\t\t\t\t\t\t\t<a class=\"icon-menu__link\" href=\"http:\/\/dps2i.com\/mobile\/prestations\/\" target=\"_self\">\n\t\t\t\t\t<i class=\"fa  fa-desktop\"><\/i> REPARATION D&#039;ECRAN\t\t\t\t<\/a>\n\t\t\t\t\t\t\t<a class=\"icon-menu__link\" href=\"http:\/\/dps2i.com\/mobile\/prestations\/\" target=\"_self\">\n\t\t\t\t\t<i class=\"fa  fa-ellipsis-v\"><\/i> AUTRES APPAREILS\t\t\t\t<\/a>\n\t\t\t\n\t\t\t<\/div>\n\n\t\t\t<\/div><\/div><\/div><div id=\"pg-504-2\"  class=\"panel-grid panel-has-style\" ><div class=\"siteorigin-panels-stretch panel-row-style panel-row-style-for-504-2\" data-stretch-type=\"full\" ><div id=\"pgc-504-2-0\"  class=\"panel-grid-cell\" ><div id=\"panel-504-2-0-0\" class=\"so-panel widget widget_pw_steps widget-steps panel-first-child panel-last-child\" data-index=\"8\" >\n\t\t\t<h3 class=\"widget-title  steps__title\">La fa\u00e7on la plus simple de faire r\u00e9parer votre t\u00e9l\u00e9phone ou tablette<\/h3>\n\t\n\t<div class=\"steps\">\n\t\t\t\t\t<div class=\"step\">\n\t\t\t\t<div class=\"step__title\">\n\t\t\t\t\t<i class=\"fa  fa-mobile\"><\/i> APPAREIL EN PANNE\t\t\t\t<\/div>\n\t\t\t\t<p class=\"step__content\">\n\t\t\t\tSi votre appareil est en panne ou est cass\u00e9 pas de panique! Nous proposons de nombreuses prestations de r\u00e9parations.\t\t\t\t<\/p>\n\t\t\t\t<div class=\"step__number\">\n\t\t\t\t\t01.\t\t\t\t<\/div>\n\t\t\t<\/div>\n\t\t\t\t\t<div class=\"step\">\n\t\t\t\t<div class=\"step__title\">\n\t\t\t\t\t<i class=\"fa  fa-envelope\"><\/i> DEPOSEZ OU ENVOYEZ VOTRE APPAREIL\t\t\t\t<\/div>\n\t\t\t\t<p class=\"step__content\">\n\t\t\t\tFaites nous parvenir votre appareil d\u00e9fectueux afin que l'on puisse proc\u00e9der au diagnostic et vous transmettre rapidement un devis de r\u00e9paration.\t\t\t\t<\/p>\n\t\t\t\t<div class=\"step__number\">\n\t\t\t\t\t02.\t\t\t\t<\/div>\n\t\t\t<\/div>\n\t\t\t\t\t<div class=\"step\">\n\t\t\t\t<div class=\"step__title\">\n\t\t\t\t\t<i class=\"fa  fa-wrench\"><\/i> REPARATION RAPIDE\t\t\t\t<\/div>\n\t\t\t\t<p class=\"step__content\">\n\t\t\t\tNotre \u00e9quipe technique effectuera la r\u00e9paration de votre appareil dans les meilleurs d\u00e9lais. Vous serez tenus inform\u00e9 des principales avanc\u00e9es de l'intervention.\t\t\t\t<\/p>\n\t\t\t\t<div class=\"step__number\">\n\t\t\t\t\t03.\t\t\t\t<\/div>\n\t\t\t<\/div>\n\t\t\t\t\t<div class=\"step\">\n\t\t\t\t<div class=\"step__title\">\n\t\t\t\t\t<i class=\"fa  fa-reply\"><\/i> RETOUR RAPIDE\t\t\t\t<\/div>\n\t\t\t\t<p class=\"step__content\">\n\t\t\t\tAussit\u00f4t pr\u00eat vous \u00eates pr\u00e9venu et si vous ne pouvez pas le r\u00e9cup\u00e9rer sur place il vous sera exp\u00e9di\u00e9 dans les meilleurs d\u00e9lais.\t\t\t\t<\/p>\n\t\t\t\t<div class=\"step__number\">\n\t\t\t\t\t04.\t\t\t\t<\/div>\n\t\t\t<\/div>\n\t\t\t<\/div>\n\n<\/div><\/div><\/div><\/div><div id=\"pg-504-3\"  class=\"panel-grid panel-no-style\" ><div id=\"pgc-504-3-0\"  class=\"panel-grid-cell\" ><div id=\"panel-504-3-0-0\" class=\"so-panel widget widget_pw_icon_box widget-icon-box panel-first-child panel-last-child\" data-index=\"9\" >\n\t\t\t<div class=\"icon-box\">\n\t\n\t\t<i class=\"fa  fa-android  fa-3x\"><\/i>\n\t\t<div class=\"icon-box__text\">\n\t\t\t<h4 class=\"icon-box__title\">Android<\/h4>\n\t\t\t<span class=\"icon-box__subtitle\">A la recherche d'un r\u00e9parateur pour votre appareil Android? Nous en r\u00e9parons r\u00e9guli\u00e8rement et nous vous aiderons \u00e0 trouver la solution!<\/span>\n\t\t<\/div>\n\n\t\t\t<\/div>\n\t\n<\/div><\/div><div id=\"pgc-504-3-1\"  class=\"panel-grid-cell\" ><div id=\"panel-504-3-1-0\" class=\"so-panel widget widget_pw_icon_box widget-icon-box panel-first-child panel-last-child\" data-index=\"10\" >\n\t\t\t<div class=\"icon-box\">\n\t\n\t\t<i class=\"fa  fa-apple  fa-3x\"><\/i>\n\t\t<div class=\"icon-box__text\">\n\t\t\t<h4 class=\"icon-box__title\">Apple iOS<\/h4>\n\t\t\t<span class=\"icon-box__subtitle\">Equip\u00e9 de tous l'outillage n\u00e9cessaire au diagnostic nous r\u00e9soudrons les probl\u00e8mes de votre iDevice!<\/span>\n\t\t<\/div>\n\n\t\t\t<\/div>\n\t\n<\/div><\/div><div id=\"pgc-504-3-2\"  class=\"panel-grid-cell\" ><div id=\"panel-504-3-2-0\" class=\"so-panel widget widget_pw_icon_box widget-icon-box panel-first-child panel-last-child\" data-index=\"11\" >\n\t\t\t<div class=\"icon-box\">\n\t\n\t\t<i class=\"fa  fa-windows  fa-3x\"><\/i>\n\t\t<div class=\"icon-box__text\">\n\t\t\t<h4 class=\"icon-box__title\">Windows Phone 10<\/h4>\n\t\t\t<span class=\"icon-box__subtitle\">Nous r\u00e9solvons vos probl\u00e8ms logiciels et mat\u00e9riels aussi bien sur votre smartphone que votre tablette Windows!<\/span>\n\t\t<\/div>\n\n\t\t\t<\/div>\n\t\n<\/div><\/div><\/div><div id=\"pg-504-4\"  class=\"panel-grid panel-has-style\" ><div class=\"siteorigin-panels-stretch panel-row-style panel-row-style-for-504-4\" data-stretch-type=\"full\" ><div id=\"pgc-504-4-0\"  class=\"panel-grid-cell\" ><div id=\"panel-504-4-0-0\" class=\"so-panel widget widget_pw_call_to_action widget-call-to-action panel-first-child panel-last-child\" data-index=\"12\" ><div class=\"panel-widget-style panel-widget-style-for-504-4-0-0\" >\t\t\t\t<div class=\"call-to-action\">\n\t\t\t\t\t<div class=\"call-to-action__text\">\n\t\t\t\t\t\t<div class=\"call-to-action__title\">\n\t\t\t\t\t\t\tVous souhaitez revendre votre smartphone ou votre tablette?\t\t\t\t\t\t<\/div>\n\t\t\t\t\t\t<div class=\"call-to-action__subtitle\">\n\t\t\t\t\t\t\t\t\t\t\t\t\t<\/div>\n\t\t\t\t\t<\/div>\n\t\t\t\t\t<div class=\"call-to-action__button\">\n\t\t\t\t\t\t<a class=\"btn    btn-info\" href=\"http:\/\/dps2i.com\/mobile\/estimation-de-votre-appareil\/\" target=\"_self\">Demander une estimation gratuite<\/a>\t\t\t\t\t<\/div>\n\t\t\t\t<\/div>\n\t\t\t<\/div><\/div><\/div><\/div><\/div><div id=\"pg-504-5\"  class=\"panel-grid panel-has-style\" ><div class=\"panel-row-style panel-row-style-for-504-5\" ><div id=\"pgc-504-5-0\"  class=\"panel-grid-cell\" ><div id=\"panel-504-5-0-0\" class=\"so-panel widget widget_black-studio-tinymce widget_black_studio_tinymce panel-first-child panel-last-child\" data-index=\"13\" ><div class=\"widget-title--big panel-widget-style panel-widget-style-for-504-5-0-0\" ><h3 class=\"widget-title\"><span class=\"widget-title__inline\">Galerie Avant-Apr\u00e8s<\/span><\/h3><div class=\"textwidget\"><\/div><\/div><\/div><\/div><\/div><\/div><div id=\"pg-504-6\"  class=\"panel-grid panel-no-style\" ><div id=\"pgc-504-6-0\"  class=\"panel-grid-cell panel-grid-cell-empty\" ><\/div><div id=\"pgc-504-6-1\"  class=\"panel-grid-cell panel-grid-cell-mobile-last\" ><div id=\"panel-504-6-1-0\" class=\"so-panel widget widget_black-studio-tinymce widget_black_studio_tinymce panel-first-child panel-last-child\" data-index=\"14\" ><div class=\"textwidget\"><div id='gallery-1' class='gallery galleryid-504 gallery-columns-2 gallery-size-medium'><figure class='gallery-item'>\n\t\t\t<div class='gallery-icon portrait'>\n\t\t\t\t<a href='http:\/\/dps2i.com\/mobile\/home\/2a\/'><img loading=\"lazy\" decoding=\"async\" width=\"170\" height=\"300\" src=\"http:\/\/dps2i.com\/mobile\/wp-content\/uploads\/2015\/09\/2a-170x300.jpg\" class=\"attachment-medium size-medium\" alt=\"\" srcset=\"http:\/\/dps2i.com\/mobile\/wp-content\/uploads\/2015\/09\/2a-170x300.jpg 170w, http:\/\/dps2i.com\/mobile\/wp-content\/uploads\/2015\/09\/2a.jpg 480w\" sizes=\"auto, (max-width: 170px) 100vw, 170px\" \/><\/a>\n\t\t\t<\/div><\/figure><figure class='gallery-item'>\n\t\t\t<div class='gallery-icon portrait'>\n\t\t\t\t<a href='http:\/\/dps2i.com\/mobile\/home\/2b\/'><img loading=\"lazy\" decoding=\"async\" width=\"170\" height=\"300\" src=\"http:\/\/dps2i.com\/mobile\/wp-content\/uploads\/2015\/09\/2b-170x300.jpg\" class=\"attachment-medium size-medium\" alt=\"\" srcset=\"http:\/\/dps2i.com\/mobile\/wp-content\/uploads\/2015\/09\/2b-170x300.jpg 170w, http:\/\/dps2i.com\/mobile\/wp-content\/uploads\/2015\/09\/2b.jpg 480w\" sizes=\"auto, (max-width: 170px) 100vw, 170px\" \/><\/a>\n\t\t\t<\/div><\/figure>\n\t\t<\/div>\n\n<h5>SAMSUNG GALAXY S3<\/h5>\nSur ce smartphone le bloc LCD a \u00e9t\u00e9 remplac\u00e9.<\/div><\/div><\/div><div id=\"pgc-504-6-2\"  class=\"panel-grid-cell panel-grid-cell-empty\" ><\/div><\/div><div id=\"pg-504-7\"  class=\"panel-grid panel-has-style\" ><div class=\"siteorigin-panels-stretch panel-row-style panel-row-style-for-504-7\" data-stretch-type=\"full\" ><div id=\"pgc-504-7-0\"  class=\"panel-grid-cell\" ><div id=\"panel-504-7-0-0\" class=\"so-panel widget widget_pw_testimonials widget-testimonials panel-first-child panel-last-child\" data-index=\"15\" >\n\t<div class=\"testimonial\">\n\t\t\n\t\t<h3 class=\"widget-title\"><span class=\"widget-title__inline\">T\u00e9moignages <\/span><\/h3>\n\t\t\n\t\t<div id=\"carousel-testimonials-widget-7-0-0\" class=\"carousel slide\" data-ride=\"carousel\" data-interval=\"false\">\n\t\t\t<!-- Wrapper for slides -->\n\t\t\t<div class=\"carousel-inner\" role=\"listbox\">\n\t\t\t\t<div class=\"item active\">\n\t\t\t\t\t<div class=\"row\">\n\t\t\t\t\t\t\t\t\t\t\t\t\t\t\t\t\t\t\t\t<div class=\"col-12  col-sm-12\">\n\t\t\t\t\t\t\t\t<blockquote>\n\t\t\t\t\t\t\t\t\t<p class=\"testimonial__quote\">\n\t\t\t\t\t\t\t\t\t\tRapide efficace et pas cher! Avec un accueil agr\u00e9able et professionnel ! Allez y sans probl\u00e8me les yeux ferm\u00e9s Je vous le recommande!\t\t\t\t\t\t\t\t\t<\/p>\n\t\t\t\t\t\t\t\t\t<cite class=\"testimonial__author\">\n\t\t\t\t\t\t\t\t\t\tGuillaume P.\t\t\t\t\t\t\t\t\t<\/cite>\n\n\t\t\t\t\t\t\t\t\t\n\t\t\t\t\t\t\t\t\t\n\t\t\t\t\t\t\t\t\t\t\t\t\t\t\t\t\t<\/blockquote>\n\t\t\t\t\t\t\t<\/div>\n\t\t\t\t\t\t\t\t\t\t\t<\/div>\n\t\t\t\t<\/div>\n\t\t\t<\/div>\n\t\t<\/div>\n\t<\/div>\n\n<\/div><\/div><\/div><\/div><div id=\"pg-504-8\"  class=\"panel-grid panel-has-style\" ><div class=\"siteorigin-panels-stretch panel-row-style panel-row-style-for-504-8\" data-stretch-type=\"full\" ><div id=\"pgc-504-8-0\"  class=\"panel-grid-cell\" ><div id=\"panel-504-8-0-0\" class=\"so-panel widget widget_pw_number-counter widget-number-counter panel-first-child panel-last-child\" data-index=\"16\" >\n\t<div class=\"number-counters\" data-speed=\"1500\">\n\t\t\t<div class=\"number-counter\">\n\t\t\t\t\t\t<div class=\"number-counter__number  js-number\" data-to=\"437\">000<\/div>\n\t\t\t<div class=\"number-counter__title\">Ecrans remplac\u00e9es<\/div>\n\t\t<\/div>\n\t\t\t<div class=\"number-counter\">\n\t\t\t\t\t\t<div class=\"number-counter__number  js-number\" data-to=\"674\">000<\/div>\n\t\t\t<div class=\"number-counter__title\">Clients satisfaits<\/div>\n\t\t<\/div>\n\t\t<\/div>\n\n<\/div><\/div><\/div><\/div><\/div>","protected":false},"excerpt":{"rendered":"<p>DEVIS GRATUIT R\u00e9paration sur demande REPARATION GARANTIE SAV en magasin EQUIPE EXPERTE A votre disposition ASSISTANCE TECHNIQUE Conseils et assistance R\u00e9paration de smartphone Les t\u00e9l\u00e9phones portables sont devenus indispensables dans nos vies. Nous pouvons maintenant surfer sur le Web, nous connecter sur les r\u00e9seaux sociaux ou simplement passer le temps &#8230; Lire la suite D\u00e9blocage &hellip;<\/p>\n","protected":false},"author":2,"featured_media":0,"parent":0,"menu_order":0,"comment_status":"closed","ping_status":"closed","template":"template-front-page-slider.php","meta":{"_acf_changed":false,"footnotes":""},"class_list":["post-504","page","type-page","status-publish","hentry"],"acf":[],"aioseo_notices":[],"_links":{"self":[{"href":"http:\/\/dps2i.com\/mobile\/wp-json\/wp\/v2\/pages\/504","targetHints":{"allow":["GET"]}}],"collection":[{"href":"http:\/\/dps2i.com\/mobile\/wp-json\/wp\/v2\/pages"}],"about":[{"href":"http:\/\/dps2i.com\/mobile\/wp-json\/wp\/v2\/types\/page"}],"author":[{"embeddable":true,"href":"http:\/\/dps2i.com\/mobile\/wp-json\/wp\/v2\/users\/2"}],"replies":[{"embeddable":true,"href":"http:\/\/dps2i.com\/mobile\/wp-json\/wp\/v2\/comments?post=504"}],"version-history":[{"count":47,"href":"http:\/\/dps2i.com\/mobile\/wp-json\/wp\/v2\/pages\/504\/revisions"}],"predecessor-version":[{"id":861,"href":"http:\/\/dps2i.com\/mobile\/wp-json\/wp\/v2\/pages\/504\/revisions\/861"}],"wp:attachment":[{"href":"http:\/\/dps2i.com\/mobile\/wp-json\/wp\/v2\/media?parent=504"}],"curies":[{"name":"wp","href":"https:\/\/api.w.org\/{rel}","templated":true}]}}