{"id":5,"date":"2015-08-27T11:31:45","date_gmt":"2015-08-27T11:31:45","guid":{"rendered":"http:\/\/demo.proteusthemes.com\/repairpress\/?page_id=5"},"modified":"2016-01-10T15:06:31","modified_gmt":"2016-01-10T14:06:31","slug":"prestations","status":"publish","type":"page","link":"http:\/\/dps2i.com\/mobile\/prestations\/","title":{"rendered":"Nos Prestations"},"content":{"rendered":"<div id=\"pl-5\"  class=\"panel-layout\" ><div id=\"pg-5-0\"  class=\"panel-grid panel-no-style\" ><div id=\"pgc-5-0-0\"  class=\"panel-grid-cell\" ><div id=\"panel-5-0-0-0\" class=\"so-panel widget widget_text panel-first-child panel-last-child\" data-index=\"0\" ><h3 class=\"widget-title\"><span class=\"widget-title__inline\">Ce que nous faisons et ce que vous vous pouvez attendre de nous<\/span><\/h3>\t\t\t<div class=\"textwidget\"><\/div>\n\t\t<\/div><\/div><\/div><div id=\"pg-5-1\"  class=\"panel-grid panel-no-style\" ><div id=\"pgc-5-1-0\"  class=\"panel-grid-cell\" ><div id=\"panel-5-1-0-0\" class=\"so-panel widget widget_pw_featured_page widget-featured-page panel-first-child panel-last-child\" data-index=\"1\" >\n\t<div class=\"page-box  page-box--block\">\n\t\t\t\t\t\t\t\t\t<a class=\"page-box__picture\" href=\"http:\/\/dps2i.com\/mobile\/prestations\/reparation-telephone-plongeur\/\">\n\t\t\t\t\t<img loading=\"lazy\" decoding=\"async\" src=\"http:\/\/dps2i.com\/mobile\/wp-content\/uploads\/2015\/09\/blog-18-360x240.jpg\" width=\"360\" height=\"240\" srcset=\"http:\/\/dps2i.com\/mobile\/wp-content\/uploads\/2015\/09\/blog-18-360x240.jpg 360w, http:\/\/dps2i.com\/mobile\/wp-content\/uploads\/2015\/09\/blog-18.jpg 848w\" sizes=\"auto, (min-width: 992px) 360px, calc(100vw - 30px)\" class=\"wp-post-image\" alt=\"R\u00e9paration de t\u00e9l\u00e9phone plongeur\">\n\t\t\t\t<\/a>\n\t\t\t\t\t\t\t<div class=\"page-box__content\">\n\t\t\t<h5 class=\"page-box__title text-uppercase\"><a href=\"http:\/\/dps2i.com\/mobile\/prestations\/reparation-telephone-plongeur\/\">R\u00e9paration de t\u00e9l\u00e9phone plongeur<\/a><\/h5>\n\t\t\t<p>Que votre t\u00e9l\u00e9phone ait fait le grand saut dans les toilettes, ou que votre enfant ait renvers\u00e9 de l'eau dessus la seule option est de rapidement intervenir avant qu'il ne soit trop tard. Les d\u00e9g\u00e2ts que peut causer l'immersion d'un appareil &hellip;<\/p>\n\t\t\t\t\t\t\t<p><a href=\"http:\/\/dps2i.com\/mobile\/prestations\/reparation-telephone-plongeur\/\" class=\"read-more  read-more--page-box\">EN SAVOIR PLUS<\/a><\/p>\n\t\t\t\t\t<\/div>\n\t<\/div>\n\n<\/div><\/div><div id=\"pgc-5-1-1\"  class=\"panel-grid-cell\" ><div id=\"panel-5-1-1-0\" class=\"so-panel widget widget_pw_featured_page widget-featured-page panel-first-child panel-last-child\" data-index=\"2\" >\n\t<div class=\"page-box  page-box--block\">\n\t\t\t\t\t\t\t\t\t<a class=\"page-box__picture\" href=\"http:\/\/dps2i.com\/mobile\/prestations\/deblocage-telephone\/\">\n\t\t\t\t\t<img loading=\"lazy\" decoding=\"async\" src=\"http:\/\/dps2i.com\/mobile\/wp-content\/uploads\/2015\/09\/blog-11-360x240.jpg\" width=\"360\" height=\"240\" srcset=\"http:\/\/dps2i.com\/mobile\/wp-content\/uploads\/2015\/09\/blog-11-360x240.jpg 360w, http:\/\/dps2i.com\/mobile\/wp-content\/uploads\/2015\/09\/blog-11.jpg 848w\" sizes=\"auto, (min-width: 992px) 360px, calc(100vw - 30px)\" class=\"wp-post-image\" alt=\"D\u00e9blocage de t\u00e9l\u00e9phone\">\n\t\t\t\t<\/a>\n\t\t\t\t\t\t\t<div class=\"page-box__content\">\n\t\t\t<h5 class=\"page-box__title text-uppercase\"><a href=\"http:\/\/dps2i.com\/mobile\/prestations\/deblocage-telephone\/\">D\u00e9blocage de t\u00e9l\u00e9phone<\/a><\/h5>\n\t\t\t<p>De nombreuses soci\u00e9t\u00e9s de r\u00e9seaux mobiles verrouillent les smartphones et tablettes sur leurs r\u00e9seaux afin que vous ne puissiez pas utiliser l'appareil sur un r\u00e9seau concurrent. Dans certains cas les t\u00e9l\u00e9phones sont li\u00e9s \u00e0 une carte &hellip;<\/p>\n\t\t\t\t\t\t\t<p><a href=\"http:\/\/dps2i.com\/mobile\/prestations\/deblocage-telephone\/\" class=\"read-more  read-more--page-box\">EN SAVOIR PLUS<\/a><\/p>\n\t\t\t\t\t<\/div>\n\t<\/div>\n\n<\/div><\/div><div id=\"pgc-5-1-2\"  class=\"panel-grid-cell\" ><div id=\"panel-5-1-2-0\" class=\"so-panel widget widget_pw_featured_page widget-featured-page panel-first-child panel-last-child\" data-index=\"3\" >\n\t<div class=\"page-box  page-box--block\">\n\t\t\t\t\t\t\t\t\t<a class=\"page-box__picture\" href=\"http:\/\/dps2i.com\/mobile\/prestations\/reparation-console\/\">\n\t\t\t\t\t<img loading=\"lazy\" decoding=\"async\" src=\"http:\/\/dps2i.com\/mobile\/wp-content\/uploads\/2015\/09\/blog-47-360x240.jpg\" width=\"360\" height=\"240\" srcset=\"http:\/\/dps2i.com\/mobile\/wp-content\/uploads\/2015\/09\/blog-47-360x240.jpg 360w, http:\/\/dps2i.com\/mobile\/wp-content\/uploads\/2015\/09\/blog-47.jpg 848w\" sizes=\"auto, (min-width: 992px) 360px, calc(100vw - 30px)\" class=\"wp-post-image\" alt=\"R\u00e9paration de consoles\">\n\t\t\t\t<\/a>\n\t\t\t\t\t\t\t<div class=\"page-box__content\">\n\t\t\t<h5 class=\"page-box__title text-uppercase\"><a href=\"http:\/\/dps2i.com\/mobile\/prestations\/reparation-console\/\">R\u00e9paration de consoles<\/a><\/h5>\n\t\t\t<p>Beaucoup vous diront que ces appareils ne sont pas r\u00e9parables ce qui n'est pas toujours vrai...<\/p>\n\t\t\t\t\t\t\t<p><a href=\"http:\/\/dps2i.com\/mobile\/prestations\/reparation-console\/\" class=\"read-more  read-more--page-box\">EN SAVOIR PLUS<\/a><\/p>\n\t\t\t\t\t<\/div>\n\t<\/div>\n\n<\/div><\/div><\/div><div id=\"pg-5-2\"  class=\"panel-grid panel-no-style\" ><div id=\"pgc-5-2-0\"  class=\"panel-grid-cell\" ><div id=\"panel-5-2-0-0\" class=\"so-panel widget widget_pw_featured_page widget-featured-page panel-first-child panel-last-child\" data-index=\"4\" >\n\t<div class=\"page-box  page-box--block\">\n\t\t\t\t\t\t\t\t\t<a class=\"page-box__picture\" href=\"http:\/\/dps2i.com\/mobile\/prestations\/reparation-smartphone\/\">\n\t\t\t\t\t<img loading=\"lazy\" decoding=\"async\" src=\"http:\/\/dps2i.com\/mobile\/wp-content\/uploads\/2015\/09\/blog-23-360x240.jpg\" width=\"360\" height=\"240\" srcset=\"http:\/\/dps2i.com\/mobile\/wp-content\/uploads\/2015\/09\/blog-23-360x240.jpg 360w, http:\/\/dps2i.com\/mobile\/wp-content\/uploads\/2015\/09\/blog-23.jpg 848w\" sizes=\"auto, (min-width: 992px) 360px, calc(100vw - 30px)\" class=\"wp-post-image\" alt=\"R\u00e9paration de smartphone\">\n\t\t\t\t<\/a>\n\t\t\t\t\t\t\t<div class=\"page-box__content\">\n\t\t\t<h5 class=\"page-box__title text-uppercase\"><a href=\"http:\/\/dps2i.com\/mobile\/prestations\/reparation-smartphone\/\">R\u00e9paration de smartphone<\/a><\/h5>\n\t\t\t<p>Les t\u00e9l\u00e9phones portables sont devenus indispensables dans nos vies. Nous pouvons maintenant surfer sur le Web, nous connecter sur les r\u00e9seaux sociaux ou simplement passer le temps ...<\/p>\n\t\t\t\t\t\t\t<p><a href=\"http:\/\/dps2i.com\/mobile\/prestations\/reparation-smartphone\/\" class=\"read-more  read-more--page-box\">EN SAVOIR PLUS<\/a><\/p>\n\t\t\t\t\t<\/div>\n\t<\/div>\n\n<\/div><\/div><div id=\"pgc-5-2-1\"  class=\"panel-grid-cell\" ><div id=\"panel-5-2-1-0\" class=\"so-panel widget widget_pw_featured_page widget-featured-page panel-first-child panel-last-child\" data-index=\"5\" >\n\t<div class=\"page-box  page-box--block\">\n\t\t\t\t\t\t\t\t\t<a class=\"page-box__picture\" href=\"http:\/\/dps2i.com\/mobile\/prestations\/reparation-tablette\/\">\n\t\t\t\t\t<img loading=\"lazy\" decoding=\"async\" src=\"http:\/\/dps2i.com\/mobile\/wp-content\/uploads\/2015\/09\/blog-12-360x240.jpg\" width=\"360\" height=\"240\" srcset=\"http:\/\/dps2i.com\/mobile\/wp-content\/uploads\/2015\/09\/blog-12-360x240.jpg 360w, http:\/\/dps2i.com\/mobile\/wp-content\/uploads\/2015\/09\/blog-12.jpg 848w\" sizes=\"auto, (min-width: 992px) 360px, calc(100vw - 30px)\" class=\"wp-post-image\" alt=\"R\u00e9paration de Tablette\">\n\t\t\t\t<\/a>\n\t\t\t\t\t\t\t<div class=\"page-box__content\">\n\t\t\t<h5 class=\"page-box__title text-uppercase\"><a href=\"http:\/\/dps2i.com\/mobile\/prestations\/reparation-tablette\/\">R\u00e9paration de Tablette<\/a><\/h5>\n\t\t\t<p>Les tablettes offrent plus de commodit\u00e9 \u00e0 leurs utilisateurs que ce que permettent les smartphones. Vous pouvez regarder des films en haute d\u00e9finition, lire des livres, cr\u00e9er des pr\u00e9sentations pour votre travail, discuter en ligne avec &hellip;<\/p>\n\t\t\t\t\t\t\t<p><a href=\"http:\/\/dps2i.com\/mobile\/prestations\/reparation-tablette\/\" class=\"read-more  read-more--page-box\">EN SAVOIR PLUS<\/a><\/p>\n\t\t\t\t\t<\/div>\n\t<\/div>\n\n<\/div><\/div><div id=\"pgc-5-2-2\"  class=\"panel-grid-cell\" ><div id=\"panel-5-2-2-0\" class=\"so-panel widget widget_pw_featured_page widget-featured-page panel-first-child panel-last-child\" data-index=\"6\" >\n\t<div class=\"page-box  page-box--block\">\n\t\t\t\t<div class=\"page-box__content\">\n\t\t\t<h5 class=\"page-box__title text-uppercase\"><a href=\"http:\/\/dps2i.com\/mobile\/prestations\/magasin\/\">Ventes<\/a><\/h5>\n\t\t\t<p>Nous sommes capable de vous orienter dans le choix d'un smartphone et de vous proposer le meilleur appareil au meilleur prix..<\/p>\n\t\t\t\t\t\t\t<p><a href=\"http:\/\/dps2i.com\/mobile\/prestations\/magasin\/\" class=\"read-more  read-more--page-box\">EN SAVOIR PLUS<\/a><\/p>\n\t\t\t\t\t<\/div>\n\t<\/div>\n\n<\/div><\/div><\/div><\/div>","protected":false},"excerpt":{"rendered":"<p>Ce que nous faisons et ce que vous vous pouvez attendre de nous R\u00e9paration de t\u00e9l\u00e9phone plongeur Que votre t\u00e9l\u00e9phone ait fait le grand saut dans les toilettes, ou que votre enfant ait renvers\u00e9 de l&rsquo;eau dessus la seule option est de rapidement intervenir avant qu&rsquo;il ne soit trop tard. Les d\u00e9g\u00e2ts que peut causer &hellip;<\/p>\n","protected":false},"author":2,"featured_media":0,"parent":0,"menu_order":0,"comment_status":"closed","ping_status":"closed","template":"","meta":{"_acf_changed":false,"footnotes":""},"class_list":["post-5","page","type-page","status-publish","hentry"],"acf":[],"aioseo_notices":[],"_links":{"self":[{"href":"http:\/\/dps2i.com\/mobile\/wp-json\/wp\/v2\/pages\/5","targetHints":{"allow":["GET"]}}],"collection":[{"href":"http:\/\/dps2i.com\/mobile\/wp-json\/wp\/v2\/pages"}],"about":[{"href":"http:\/\/dps2i.com\/mobile\/wp-json\/wp\/v2\/types\/page"}],"author":[{"embeddable":true,"href":"http:\/\/dps2i.com\/mobile\/wp-json\/wp\/v2\/users\/2"}],"replies":[{"embeddable":true,"href":"http:\/\/dps2i.com\/mobile\/wp-json\/wp\/v2\/comments?post=5"}],"version-history":[{"count":7,"href":"http:\/\/dps2i.com\/mobile\/wp-json\/wp\/v2\/pages\/5\/revisions"}],"predecessor-version":[{"id":831,"href":"http:\/\/dps2i.com\/mobile\/wp-json\/wp\/v2\/pages\/5\/revisions\/831"}],"wp:attachment":[{"href":"http:\/\/dps2i.com\/mobile\/wp-json\/wp\/v2\/media?parent=5"}],"curies":[{"name":"wp","href":"https:\/\/api.w.org\/{rel}","templated":true}]}}